{"id":3678,"date":"2024-10-30T11:05:58","date_gmt":"2024-10-30T10:05:58","guid":{"rendered":"https:\/\/nouzillyathletisme.fr\/?page_id=3678"},"modified":"2025-08-20T11:22:11","modified_gmt":"2025-08-20T09:22:11","slug":"parcours-permanents-trail","status":"publish","type":"page","link":"https:\/\/nouzillyathletisme.fr\/index.php\/parcours-permanents-trail\/","title":{"rendered":"Parcours permanents de trail"},"content":{"rendered":"\n<h2 class=\"wp-block-heading\">Parcours permanents de trail<\/h2>\n\n\n\n<p>Le trail s\u00e9duit aujourd\u2019hui de plus en plus d\u2019adeptes avec plus de 1,5 million de pratiquants en France. Fort de ce constat national mais aussi de l\u2019engouement g\u00e9n\u00e9ral autours du challenge trail, le <a href=\"https:\/\/www.cdr37.net\/en-savoir-plus\/parcours-de-trail-131035#:~:text=Le%20premier%20parcours%20permanent%2C%20appel%C3%A9,Nouzilly%20le%20sera%20%C3%A9n%202024!\" target=\"_blank\" rel=\"noreferrer noopener\">Comit\u00e9 D\u00e9partemental d\u2019Athl\u00e9tisme<\/a>, via sa commission running, a propos\u00e9 au&nbsp;<a href=\"https:\/\/www.touraine-actualites.fr\/actualites-departementales\/sport\/actualites-sportives\/parcours-permanents-de-trail-venez-courir-en-touraine.html\" target=\"_blank\" rel=\"noreferrer noopener\">Conseil D\u00e9partement d\u2019Indre-et-Loire<\/a>&nbsp;la cr\u00e9ation de<a href=\"https:\/\/www.cdr37.net\/en-savoir-plus\/parcours-de-trail-131035\" target=\"_blank\" rel=\"noreferrer noopener\"> parcours permanents de trails<\/a> sur l\u2019ensemble du territoire.<\/p>\n\n\n\n<p>Outre l\u2019aspect financier apport\u00e9 par la collectivit\u00e9 pour la mise en place de ces parcours, le D\u00e9partement apporte aussi son appui avec une aide technique et de diffusion.<\/p>\n\n\n\n<p>La ville de Nouzilly en partenariat avec Nouzilly Athl\u00e9tisme vous propose<strong> 3 parcours de trail avec 3 niveaux de difficult\u00e9s diff\u00e9rents<\/strong>.<\/p>\n\n\n\n<p><em> Ces parcours sont aussi accessibles pour la randonn\u00e9e, le VTT&#8230;<\/em><\/p>\n\n\n\n<p><strong>Le point de d\u00e9part de ces parcours se situe au stade des marronniers<\/strong> devant ce panneau :<\/p>\n\n\n\n<pre class=\"wp-block-code\"><code>Si vous constatez un probl\u00e8me sur le parcours --&gt; nouzillyathletisme@gmail.com<\/code><\/pre>\n\n\n\n<div class=\"wp-block-jetpack-slideshow aligncenter\" data-effect=\"slide\"><div class=\"wp-block-jetpack-slideshow_container swiper\"><ul class=\"wp-block-jetpack-slideshow_swiper-wrapper swiper-wrapper\"><li class=\"wp-block-jetpack-slideshow_slide swiper-slide\"><figure><img loading=\"lazy\" decoding=\"async\" width=\"795\" height=\"1122\" alt=\"\" class=\"wp-block-jetpack-slideshow_image wp-image-3679\" data-id=\"3679\" src=\"https:\/\/nouzillyathletisme.fr\/wp-content\/uploads\/2024\/10\/image-1.png\" srcset=\"https:\/\/nouzillyathletisme.fr\/wp-content\/uploads\/2024\/10\/image-1.png 795w, https:\/\/nouzillyathletisme.fr\/wp-content\/uploads\/2024\/10\/image-1-768x1083.png 768w\" sizes=\"(max-width: 795px) 100vw, 795px\" \/><figcaption class=\"wp-block-jetpack-slideshow_caption gallery-caption\"><\/figcaption><\/figure><\/li><li class=\"wp-block-jetpack-slideshow_slide swiper-slide\"><figure><img loading=\"lazy\" decoding=\"async\" width=\"501\" height=\"566\" alt=\"\" class=\"wp-block-jetpack-slideshow_image wp-image-5247\" data-id=\"5247\" data-aspect-ratio=\"501 \/ 566\" src=\"https:\/\/nouzillyathletisme.fr\/wp-content\/uploads\/2025\/08\/Capture-decran-2025-04-27-213609-1.png\" srcset=\"https:\/\/nouzillyathletisme.fr\/wp-content\/uploads\/2025\/08\/Capture-decran-2025-04-27-213609-1.png 501w, https:\/\/nouzillyathletisme.fr\/wp-content\/uploads\/2025\/08\/Capture-decran-2025-04-27-213609-1-266x300.png 266w\" sizes=\"(max-width: 501px) 100vw, 501px\" \/><\/figure><\/li><\/ul><a class=\"wp-block-jetpack-slideshow_button-prev swiper-button-prev swiper-button-white\" role=\"button\"><\/a><a class=\"wp-block-jetpack-slideshow_button-next swiper-button-next swiper-button-white\" role=\"button\"><\/a><a aria-label=\"Pause Slideshow\" class=\"wp-block-jetpack-slideshow_button-pause\" role=\"button\"><\/a><div class=\"wp-block-jetpack-slideshow_pagination swiper-pagination swiper-pagination-white\"><\/div><\/div><\/div>\n\n\n\n<blockquote class=\"wp-block-quote is-layout-flow wp-block-quote-is-layout-flow\">\n<h2 class=\"wp-block-heading\">Retrouvez ci-dessous les traces Strava avec GPX :<\/h2>\n<\/blockquote>\n\n\n\n\n\n<div class=\"wp-block-uagb-advanced-heading uagb-block-6dd58988\"><h2 class=\"uagb-heading-text\">Parcours&nbsp;8 : Le tour de Nouzilly <\/h2><p class=\"uagb-desc-text\"> 9.14 km \/&nbsp;78 D+&nbsp;\/ niveau facile<\/p><\/div>\n\n\n\n<p><a href=\"https:\/\/www.strava.com\/routes\/3286645512011924184\" target=\"_blank\" rel=\"noreferrer noopener\">https:\/\/www.strava.com\/routes\/3286645512011924184<\/a><\/p>\n\n\n\n<p>&#8211;&gt; Segment : <a href=\"https:\/\/www.strava.com\/segments\/38720745\">https:\/\/www.strava.com\/segments\/38720745<\/a><\/p>\n\n\n<div class=\"strava-embed-placeholder\" data-embed-type=\"route\" data-embed-id=\"3286645512011924184\" data-style=\"standard\" data-map-hash=\"12.6\/47.54145\/0.74338\" data-club-id=\"781463\" data-from-embed=\"false\"><\/div>\n<p><script src=\"https:\/\/strava-embeds.com\/embed.js\"><\/script><\/p>\n\n\n\n\n\n<div class=\"wp-block-uagb-advanced-heading uagb-block-491eb728\"><h2 class=\"uagb-heading-text\">Parcours 9 : Les pr\u00e9s de la patouille<\/h2><p class=\"uagb-desc-text\">14.25km \/ 219 D+&nbsp;\/ niveau moyen<\/p><\/div>\n\n\n\n<p><a href=\"https:\/\/www.strava.com\/routes\/3286645965380392522\" target=\"_blank\" rel=\"noreferrer noopener\">https:\/\/www.strava.com\/routes\/3286645965380392522<\/a><\/p>\n\n\n\n<p>&#8211;&gt; Segment : <a href=\"https:\/\/www.strava.com\/segments\/39104557\">https:\/\/www.strava.com\/segments\/39104557<\/a><\/p>\n\n\n<div class=\"strava-embed-placeholder\" data-embed-type=\"route\" data-embed-id=\"3286645965380392522\" data-style=\"standard\" data-map-hash=\"11.78\/47.53463\/0.74321\" data-club-id=\"781463\" data-from-embed=\"false\"><\/div>\n<p><script src=\"https:\/\/strava-embeds.com\/embed.js\"><\/script><\/p>\n\n\n\n\n\n<div class=\"wp-block-uagb-advanced-heading uagb-block-cf39af11\"><h2 class=\"uagb-heading-text\">Parcours&nbsp;10 : La vall\u00e9e des Diables<\/h2><p class=\"uagb-desc-text\">20.31 km \/ 224 D+&nbsp;\/ niveau difficile<\/p><\/div>\n\n\n\n<p><a href=\"https:\/\/www.strava.com\/routes\/3286645822278407334\" target=\"_blank\" rel=\"noreferrer noopener\">https:\/\/www.strava.com\/routes\/3286645822278407334<\/a><\/p>\n\n\n\n<p>&#8211;&gt; Segment : <a href=\"https:\/\/www.strava.com\/segments\/39151593\">https:\/\/www.strava.com\/segments\/39151593<\/a><\/p>\n\n\n<div class=\"strava-embed-placeholder\" data-embed-type=\"route\" data-embed-id=\"3286645822278407334\" data-style=\"standard\" data-map-hash=\"11.72\/47.5353\/0.7316\" data-club-id=\"781463\" data-from-embed=\"false\"><\/div>\n<p><script src=\"https:\/\/strava-embeds.com\/embed.js\"><\/script><\/p>\n","protected":false},"excerpt":{"rendered":"<p>Parcours permanents de trail Le trail s\u00e9duit aujourd\u2019hui de plus en plus d\u2019adeptes [&hellip;]<\/p>\n","protected":false},"author":1,"featured_media":5246,"parent":0,"menu_order":0,"comment_status":"closed","ping_status":"closed","template":"","meta":{"jetpack_post_was_ever_published":false,"footnotes":""},"class_list":["post-3678","page","type-page","status-publish","has-post-thumbnail","hentry"],"jetpack_sharing_enabled":true,"jetpack_likes_enabled":false,"_links":{"self":[{"href":"https:\/\/nouzillyathletisme.fr\/index.php\/wp-json\/wp\/v2\/pages\/3678","targetHints":{"allow":["GET"]}}],"collection":[{"href":"https:\/\/nouzillyathletisme.fr\/index.php\/wp-json\/wp\/v2\/pages"}],"about":[{"href":"https:\/\/nouzillyathletisme.fr\/index.php\/wp-json\/wp\/v2\/types\/page"}],"author":[{"embeddable":true,"href":"https:\/\/nouzillyathletisme.fr\/index.php\/wp-json\/wp\/v2\/users\/1"}],"replies":[{"embeddable":true,"href":"https:\/\/nouzillyathletisme.fr\/index.php\/wp-json\/wp\/v2\/comments?post=3678"}],"version-history":[{"count":20,"href":"https:\/\/nouzillyathletisme.fr\/index.php\/wp-json\/wp\/v2\/pages\/3678\/revisions"}],"predecessor-version":[{"id":5248,"href":"https:\/\/nouzillyathletisme.fr\/index.php\/wp-json\/wp\/v2\/pages\/3678\/revisions\/5248"}],"wp:featuredmedia":[{"embeddable":true,"href":"https:\/\/nouzillyathletisme.fr\/index.php\/wp-json\/wp\/v2\/media\/5246"}],"wp:attachment":[{"href":"https:\/\/nouzillyathletisme.fr\/index.php\/wp-json\/wp\/v2\/media?parent=3678"}],"curies":[{"name":"wp","href":"https:\/\/api.w.org\/{rel}","templated":true}]}}